*4 - 2. Give m(i).
-10
Let z(n) = 2*n - 10. Suppose -2*g - 9 = m, 0 = 4*g + 5*m + 22 + 11. Let t = 9 + g. Determine z(t).
4
Let l(r) = -11*r**2 - 6*r - 6. Let s be 30/(-15)*(-51)/(-34). What is l(s)?
-87
Let y(s) be the first derivative of s**4/4 - 2*s**3 - 5*s**2/2 + 18*s - 1669. Calculate y(6).
-12
Let d(g) = 3*g**2 + 4*g + 6. Let r be d(-1). Let k(w) = -3 + r - w - 6 + 3. Calculate k(-5).
4
Let q(x) = x + 1. Let b(d) = -d**3 - 2*d**2 + 7*d + 10. Suppose 16 = 50*m + 66. Let p(f) = m*b(f) + 6*q(f). What is p(-3)?
-10
Let p(l) = 2*l**2 + 4*l + 2. Let b be p(-2). Suppose -20 = 5*j, -b*d = -0*d + j + 14. Let w(z) = -2 - z + z + z. Give w(d).
-7
Suppose -21 = -o - v, 5*o + 2*v = -18 + 129. Let t = o - 20. Let n(m) = -96*m - 98*m + 195*m. Calculate n(t).
3
Let n(y) = 4676*y - 32737. Let i be n(7). Let u(f) = 4*f + 2. Let t(g) = -5*g - 2. Let z(b) = 2*t(b) + 3*u(b). Calculate z(i).
-8
Let h be (4 - (-33)/(-9))/(12/3). Let a(v) be the second derivative of -2/3*v**3 + 7/2*v**2 + v + 0 - h*v**4. Give a(-5).
2
Let p(o) be the first derivative of o**4/4 - 4*o**3/3 + o**2/2 - 2*o - 1907. Calculate p(3).
-8
Suppose -12*z - 4016 = -16*z. Let c(g) = z - g - 501 - 504. Determine c(-2).
1
Let b(z) = -z + 7. Let k be 3660/24 - 5/2. Suppose 154 - k = 2*l. Determine b(l).
5
Let u(b) = -4*b + 8. Suppose 18*p + 56 = 4*p. Let m be p*9/18 - -10. What is u(m)?
-24
Let n(b) = -45*b**2 - 55*b + 35*b - 7 + 2*b + 37*b**2 - b**3. Determine n(-3).
2
Let w = -134 + 132. Let h(d) = -d**2 - 14*d + 1. Let j be h(-14). Let k(p) = 2*p + 0 + 2 - j. Give k(w).
-3
Let l(y) be the third derivative of 0*y - 2*y**2 + 1 - 1/8*y**4 - 3/2*y**3. Let g = -2 + -6. Determine l(g).
15
Suppose -5*i - 4*w = 39, 209*i - w - 15 = 212*i. Let u(p) = -21*p - 20. Determine u(i).
43
Let f(l) = l - 1. Let d(c) = 2*c - 1. Let z(g) = 3*d(g) - 5*f(g). Suppose 0 = 156*p - 159*p - 156. Let r = -46 - p. Give z(r).
8
Let u(s) = -s**3 + 10*s**2 - 18*s - 9. Suppose 3283*x - 3286*x = 5*g - 39, -2*g + 6 = 0. What is u(x)?
-25
Let m = 18380 - 18380. Let f(d) = 2*d**3 + 3 - 2*d + 2*d**3 - 3*d**3. What is f(m)?
3
Suppose 0 = 3*l - 5 - 1. Let i be (4/2)/l*-6. Let z(x) = -x. Let t(r) = -2*r - 4. Let a(w) = -2*t(w) + 2*z(w). Calculate a(i).
-4
Let w(u) = 36044 - 3*u**2 - 36007 - 99*u + 4*u**2 + 5*u**2. What is w(16)?
-11
Let f(g) = 3*g**3 - 25*g**2 + 6*g - 2. Suppose 183 = 78*x - 170 - 271. Give f(x).
-18
Let q(d) be the third derivative of -d**4/3 - 3*d**3/2 + 276*d**2. Let h(x) = 8 + 15*x + 1 - 4 + 12. Let f(s) = 6*h(s) + 11*q(s). Determine f(3).
9
Suppose -4*t = 3*a - 8, 0 = 5*t - 2*a - 34 + 1. Let n be t + (-4)/(-4) + 0/2. Let w(i) = 4 + n*i - 2*i + 2 - 8. Give w(3).
10
Let u(v) = -v**3 + 39*v + 0*v**3 - 62513 + 17*v**2 + 62508. Give u(19).
14
Suppose -2*d + 14 = -2*r, 3*r = 4*d - 8 - 20. Let w(u) = -u + 8. Let q(v) be the second derivative of v**3/6 - 99*v. Let h(s) = -2*q(s) + w(s). What is h(d)?
-13
Suppose 167*o - 164*o = -9. Let c(q) = 12*q + 20. Let y(i) = 4*i + 8. Let x(z) = 2*c(z) - 7*y(z). Calculate x(o).
-4
Let q = 4 + 9. Let g(j) = -j + 25. Let y be g(q). Suppose 5*o = 2*z - 15, -5*o - 3*z - 3 = y. Let u(a) = 4*a + 2. Determine u(o).
-10
Suppose 11*f + 73 + 81 = 0. Let z be (f/(-6) + -3)*75/50. Let k(j) = -22*j**2 - j + 4. Let y(w) = 66*w**2 + 3*w - 11. Let a(d) = 11*k(d) + 4*y(d). Give a(z).
21
Let u(w) be the first derivative of 1/3*w**3 - 2*w - 79 + 7/2*w**2. Let d be (-2)/(-10) + (-62)/10. Calculate u(d).
-8
Let y = 10887 + -10897. Let t(o) = 2*o + 12. Calculate t(y).
-8
Let l(j) be the first derivative of -j**4/12 + j**3/6 - 3*j**2 - 63*j + 5. Let m(s) be the first derivative of l(s). Determine m(0).
-6
Let t(r) = -r**2 - 6*r + 4. Suppose -4 + 16 = -2*c. Let a = 38 + c. Suppose -4*f + 2*d = a, 0*f - 4*d - 13 = 3*f. What is t(f)?
-3
Suppose 114*z = 20*z + 2427 - 547. Let j(r) = r**2 - 21*r + 3. What is j(z)?
-17
Suppose -s + 4*u - 1 = 0, u + 63 = -55*s + 58*s. Let i(y) = y**3 - 22*y**2 - 27*y + 75. Determine i(s).
-17
Suppose 0 = 5*w - 5 + 35, -2*r + 10 = -4*w. Let a(h) = h**2 + h - 36. Give a(r).
6
Let k(c) = -c**3 + 14*c**2 - 10. Let l = 689 + -633. Suppose 0*n + l = 4*n. Calculate k(n).
-10
Let k be 22 - ((-8)/8)/(1*-1). Let b = -17 + k. Suppose 3*x = -b*x + 4*x. Let u(s) = s**2 + s - 8. Determine u(x).
-8
Suppose -2*v - 3*c = 24, -501*c = -v - 496*c + 40. Let n(k) = -k**3 + 2*k**2 + 48. Determine n(v).
48
Let k(y) = y - 7. Let l be (-1529)/8 + (-18)/(-144). Let u = l + 200. Determine k(u).
2
Let t(l) = 30*l**2 - l. Suppose 5*d - 91*r + 95*r = 33, 4*d - r + 3 = 0. Give t(d).
29
Let q(v) be the first derivative of v**5/12 + v**4/8 + v**3/3 + 9*v**2/2 - 3. Let t(l) be the second derivative of q(l). Suppose -2*d + 0 = 4. Determine t(d).
16
Let i = -3449 - -3463. Let x(y) be the second derivative of y**3/6 - 6*y**2 - 6*y. Give x(i).
2
Suppose 4*o - 69 = 5*i, 76*i + 4*o - 6 = 74*i. Let w(q) = -3*q - 20. Calculate w(i).
7
Let j(r) = 2*r**3 + 2*r**2 - 2*r + 5. Suppose -2674*c - 42 = -2695*c. Give j(c).
25
Let k(x) = 3*x + 3. Let t(h) = -h**2 + 18*h - 16. Let d be t(17). Let w be (-4)/(-50)*65 + d/(-5). Suppose f = 1 - w. Give k(f).
-9
Let b(x) = 63 + 6*x - 24 - 5*x - 6*x. Calculate b(10).
-11
Let l = 5 - 8. Let m(k) be the second derivative of -3*k**3/2 - 92715*k. What is m(l)?
27
Let u(z) = -2*z - 39. Let w = -261 + 245. What is u(w)?
-7
Suppose 0 = -20*x - 1767 + 1787. Let h(z) = 15*z - 7. Determine h(x).
8
Let n(q) be the second derivative of 4*q**3/3 + 103*q**2/2 + 6*q - 73. What is n(-13)?
-1
Suppose 5*a - 10 = 10*a. Let u(p) = -10*p**3 - 30*p**2 - 10*p - 11. Let w(r) = 9*r**3 + 27*r**2 + 9*r + 10. Let t(s) = -10*u(s) - 11*w(s). Give t(a).
2
Let n be (212/160 - (-14)/(-112))/(333/555). Let p = 0 + 2. Let w(y) = 3*y**2 - y + 1 - p - 1. What is w(n)?
8
Let h = -830 - -820. Let r(m) = -m**3 - 10*m**2 + 5*m - 5. Give r(h).
-55
Let w(t) = 2*t + 4*t - 5*t - 2. Suppose 0 = -5*r - 15, -2*u + 3*u - 4*r - 12 = 0. Suppose -5*m - 17 = 2*i - 10, u = -4*i - 3*m + 7. What is w(i)?
2
Let o be 2 + -27*(-9)/(-27). Let p(m) = -m - 3. Calculate p(o).
4
Suppose 35 + 7 = -7*r. Let a(g) be the second derivative of g**5/20 + g**4/2 - 2*g**3/3 - g**2 - 304*g. Give a(r).
22
Let c(q) be the second derivative of q**7/2520 + 7*q**6/720 - q**5/24 - q**4/6 + 5*q**2 + 48*q. Let m(s) be the third derivative of c(s). What is m(-7)?
-5
Suppose 28 + 98 = 63*i. Let h(z) be the first derivative of 0*z - 2*z**i + 13 - 1/3*z**3. What is h(-3)?
3
Suppose 2*i + 0*t = 5*t - 55, -2*i - t = 37. Let b be (-16)/i - 38/10. Let q(v) = -3*v**2 + 6*v**2 + v**3 - 4 + 4*v + 5. Give q(b).
-11
Let v(y) = -5*y**2 - 47*y - 74. Let j be v(-3). Let o(s) = -6*s + 153. Give o(j).
21
Let i = 2161 + -2175. Let o(x) = -x**2 - 19*x - 32. What is o(i)?
38
Let p(l) = -24*l + 2 + 25*l + 2. Let n be 7 + (-6 - 18/(-6)). Calculate p(n).
8
Suppose s + 4*s = 10, -3*r + 2*s - 7 = 0. Let k(v) = -3*v + 6. Let i(b) = -b - 1. Let l(f) = r*i(f) + k(f). Give l(4).
-1
Let z(o) be the second derivative of -13*o**5/20 - o**3/6 - o**2/2 - 216*o. Let h(i) = i**2 - 6*i + 2. Let y be h(5). Let g be 2/y*12/8. Determine z(g).
13
Let q be ((-26)/6)/(12/360). Let z = q + 134. Suppose -32 = z*v - 8*v. Let l(p) = -p + 5. Calculate l(v).
-3
Let d be (1 - 0)*(-3 - 33). Let n = d + 39. Let a(h) = 10*h**n + 185*h**2 - 185*h**2 - h. Calculate a(-1).
-9
Let t(n) = -n**3 - 24*n**2 - 9*n - 54. Let l be t(-23). Let o = l + 377. Let j(m) = -m + 3. Calculate j(o).
2
Let k(u) = 4 + 3*u**2 + 3 + 44*u + 5 + 11*u + 10. What is k(-18)?
4
Let c(h) = -h**2 - 8*h + 2. Suppose 8*x - 5 + 13 = 0. Let y be 203/4 - (x + 15/20). Let u = -59 + y. Calculate c(u).
2
Let d(n) = -2*n + 15. Let h(u) = -13*u**2 + 11*u + 68. Let w be h(-2). What is d(w)?
27
Let f(i) = 2199 - 2195 - 7*i**3 - 44*i + 48*i. Determine f(-2).
52
Let y = -3104 + 8353. Let t(g) = y*g**2 + 6 + g**3 + 0*g**3 - 6*g - 5250*g**2. Calculate t(4).
30
Let v(c) = -2*c**2 - 47*c - 47. Let q(a) = -241*a - 1951. Let f be q(-8). What is v(f)?
-24
Let k(u) = 4*u**2 - 41*u + 118. Let f be k(5). Let r(x) = 3*x**2 - 10*x - 13. Let p(v) = 10*v**2 - 29*v - 39. Let m(j) = 2*p(j) - 7*r(j). Give m(f).
0
Let g(x) = x**2 - 9*x - 11. Suppose -9*j - 11*j + 2480 = 0. Suppose -j*s + 111*s + 104 = 0. Calculate g(s).
-19
Suppose -2 = -4*h - 2*y, 5*h - 2*y = 12 - 5. Let i(